{"id":160,"date":"2019-02-20T19:41:53","date_gmt":"2019-02-20T18:41:53","guid":{"rendered":"http:\/\/www.nmpmp.archidiecezja.wroc.pl\/new\/?page_id=160"},"modified":"2019-08-24T11:26:34","modified_gmt":"2019-08-24T09:26:34","slug":"historia-parafii","status":"publish","type":"page","link":"http:\/\/www.nmpmp.archidiecezja.wroc.pl\/?page_id=160","title":{"rendered":"Historia parafii"},"content":{"rendered":"\n<div class=\"wp-block-image\"><figure class=\"alignleft is-resized\"><img loading=\"lazy\" src=\"http:\/\/www.nmpmp.archidiecezja.wroc.pl\/wp-content\/uploads\/2019\/02\/ko\u015bci\u00f3\u0142.jpg\" alt=\"\" class=\"wp-image-163\" width=\"263\" height=\"396\" srcset=\"http:\/\/www.nmpmp.archidiecezja.wroc.pl\/wp-content\/uploads\/2019\/02\/ko\u015bci\u00f3\u0142.jpg 340w, http:\/\/www.nmpmp.archidiecezja.wroc.pl\/wp-content\/uploads\/2019\/02\/ko\u015bci\u00f3\u0142-199x300.jpg 199w\" sizes=\"(max-width: 263px) 100vw, 263px\" \/><\/figure><\/div>\n\n\n\n<p>Biskup\n  wroc\u0142awski Kardyna\u0142 Adolf Bertram kupuje parcel\u0119 od szpitala \u015bw.  \n\u0141azarza wraz ze starym pi\u0119trowym budynkiem i oddaje j\u0105 na w\u0142asno\u015b\u0107  \nZgromadzeniu Redemptoryst\u00f3w 10 listopada 1918 r. W styczniu 1919 \nprzyst\u0105piono do budowy ko\u015bcio\u0142a, kt\u00f3ra trwa\u0142a zaledwie 7 miesi\u0119cy.<\/p>\n\n\n\n<p>Ten\u017ce sam kardyna\u0142 w 1941 r. ustanawia przy tym ko\u015bciele pomocnicze duszpasterstwo wydzielone z parafii \u015bw. Rodziny. <\/p>\n\n\n\n<p>Historyczny\n  moment nast\u0105pi\u0142 w dniu 18 marca 1951 r., w tym bowiem dniu nast\u0105pi\u0142o  \nutworzenie parafii Matki Bo\u017cej Pocieszenia we Wroc\u0142awiu.<\/p>\n\n\n\n<p>W\n  naszej parafii znajduje si\u0119 Sanktuarium Golgoty Wschodu, gdzie  \norganizowane s\u0105 w ci\u0105gu roku nabo\u017ce\u0144stwa religijno \u2013 patriotyczne  \nobejmuj\u0105ce: Rodzin\u0119 Katy\u0144sk\u0105, Sybirak\u00f3w i Sybirak\u00f3w \u2013 Afryka\u0144czyk\u00f3w.<\/p>\n\n\n\n<p> Przy parafii od przesz\u0142o 30 lat istnieje r\u00f3wnie\u017c <a href=\"http:\/\/da.redemptor.pl\" target=\"_blank\" rel=\"noreferrer noopener\">Duszpasterstwo Akademickie Redemptor<\/a>.<\/p>\n","protected":false},"excerpt":{"rendered":"<p>Biskup wroc\u0142awski Kardyna\u0142 Adolf Bertram kupuje parcel\u0119 od szpitala \u015bw. \u0141azarza wraz ze starym pi\u0119trowym budynkiem i oddaje j\u0105 na w\u0142asno\u015b\u0107 Zgromadzeniu Redemptoryst\u00f3w 10 listopada 1918 r. W styczniu 1919 przyst\u0105piono do budowy ko\u015bcio\u0142a, kt\u00f3ra trwa\u0142a zaledwie 7 miesi\u0119cy. Ten\u017ce sam kardyna\u0142 w 1941 r. ustanawia przy tym ko\u015bciele pomocnicze duszpasterstwo wydzielone z parafii \u015bw. &#8230; <a title=\"Historia parafii\" class=\"read-more\" href=\"http:\/\/www.nmpmp.archidiecezja.wroc.pl\/?page_id=160\">Czytaj dalej<span class=\"screen-reader-text\">Historia parafii<\/span><\/a><\/p>\n","protected":false},"author":101011,"featured_media":0,"parent":0,"menu_order":0,"comment_status":"closed","ping_status":"closed","template":"","meta":[],"_links":{"self":[{"href":"http:\/\/www.nmpmp.archidiecezja.wroc.pl\/index.php?rest_route=\/wp\/v2\/pages\/160"}],"collection":[{"href":"http:\/\/www.nmpmp.archidiecezja.wroc.pl\/index.php?rest_route=\/wp\/v2\/pages"}],"about":[{"href":"http:\/\/www.nmpmp.archidiecezja.wroc.pl\/index.php?rest_route=\/wp\/v2\/types\/page"}],"author":[{"embeddable":true,"href":"http:\/\/www.nmpmp.archidiecezja.wroc.pl\/index.php?rest_route=\/wp\/v2\/users\/101011"}],"replies":[{"embeddable":true,"href":"http:\/\/www.nmpmp.archidiecezja.wroc.pl\/index.php?rest_route=%2Fwp%2Fv2%2Fcomments&post=160"}],"version-history":[{"count":4,"href":"http:\/\/www.nmpmp.archidiecezja.wroc.pl\/index.php?rest_route=\/wp\/v2\/pages\/160\/revisions"}],"predecessor-version":[{"id":225,"href":"http:\/\/www.nmpmp.archidiecezja.wroc.pl\/index.php?rest_route=\/wp\/v2\/pages\/160\/revisions\/225"}],"wp:attachment":[{"href":"http:\/\/www.nmpmp.archidiecezja.wroc.pl\/index.php?rest_route=%2Fwp%2Fv2%2Fmedia&parent=160"}],"curies":[{"name":"wp","href":"https:\/\/api.w.org\/{rel}","templated":true}]}}