{"id":4,"date":"2018-01-25T22:22:19","date_gmt":"2018-01-25T21:22:19","guid":{"rendered":"http:\/\/www.nmpmp.archidiecezja.wroc.pl\/new\/?page_id=4"},"modified":"2026-05-11T15:37:14","modified_gmt":"2026-05-11T13:37:14","slug":"ogloszenia-parafialne","status":"publish","type":"page","link":"http:\/\/www.nmpmp.archidiecezja.wroc.pl\/?page_id=4","title":{"rendered":"Og\u0142oszenia parafialne"},"content":{"rendered":"\n<p class=\"has-text-align-center has-text-color\" style=\"color:#d90a37;font-size:23px\"><strong>OG\u0141OSZENIA VI NIEDZIELA WIELKANOCNA<\/strong> <strong>10.05.2026<\/strong><\/p>\n\n\n\n<p>&nbsp;&nbsp;&nbsp;&nbsp;&nbsp;&nbsp;&nbsp; Trwa miesi\u0105c maj a wraz z nim <strong>Nabo\u017ce\u0144stwa Majowe<\/strong>. W naszej parafii odprawiamy je codziennie o godz. 18.00. W tym roku w ramach rozwa\u017ca\u0144, zatrzymujemy si\u0119 nad tekstami o S\u0142udze Bo\u017cym o. Bernardzie \u0141ubie\u0144skim. Ich autorem jest \u015bp. o. Wojciech Zagrodzki. Zach\u0119camy do zabrania sobie tekst\u00f3w tych interesuj\u0105cych rozwa\u017ca\u0144. S\u0105 one wy\u0142o\u017cone z ty\u0142u ko\u015bcio\u0142a.<\/p>\n\n\n\n<p>&nbsp;&nbsp;&nbsp;&nbsp;&nbsp;&nbsp;&nbsp; Dzi\u0119kujemy za ofiary, kt\u00f3re sk\u0142adacie na tac\u0119 oraz wp\u0142acacie na konto parafialne. Na cele inwestycyjne tydzie\u0144 temu zebrali\u015bmy <strong>5300 z\u0142. B\u00f3g zap\u0142a\u0107!<\/strong><\/p>\n\n\n\n<p>&nbsp;&nbsp;&nbsp;&nbsp;&nbsp;&nbsp;&nbsp; W najbli\u017cszym tygodniu w Liturgii: w \u015brod\u0119 <strong>wspomn. Matki Bo\u017cej Fatimskiej<\/strong>. Serdecznie <strong>zapraszamy na Eucharysti\u0119 o 18.30 a po niej na Nabo\u017ce\u0144stwo Fatimskie, w kt\u00f3rym b\u0119dziemy uczestniczy\u0107 wraz z Dzie\u0107mi Pierwszokomunijnymi<\/strong>. Prosimy przynie\u015b\u0107 ze sob\u0105 \u015bwiece. W \u015brod\u0119 nie b\u0119dzie Nabo\u017ce\u0144stwa Majowego ani Nowenny o godz. 18.00. Modlitw\u0119 Rzymsk\u0105 i Litani\u0119 Loreta\u0144sk\u0105 odm\u00f3wimy w czasie Nabo\u017ce\u0144stwa Fatimskiego. Tego dnia nasz\u0105 szczeg\u00f3ln\u0105 <strong>modlitw\u0105 otaczamy Siostr\u0119 Mari\u0119 D\u0105br\u00f3wk\u0119\u2014Matk\u0119 Generaln\u0105 Si\u00f3str S\u0142u\u017cebniczek \u015al\u0105skich<\/strong>, kt\u00f3ra obchodzi\u0107 b\u0119dzie swoje imieniny; w czwartek <strong>\u015bwi\u0119to \u015bw. Macieja Aposto\u0142a; <\/strong>w pi\u0105tek <strong>wspomn. \u015bw. Zofii<\/strong>, w sobot\u0119 <strong>\u015bwi\u0119to \u015bw. Andrzeja Boboli \u2014 Patrona Polski. <\/strong>W przysz\u0142\u0105 niedziel\u0119 <strong>uroczysto\u015b\u0107 Wniebowst\u0105pienia Pa\u0144skiego<\/strong>.<\/p>\n\n\n\n<p class=\"has-text-color\" style=\"color:#d90a37\">&nbsp;&nbsp;&nbsp;&nbsp;&nbsp;&nbsp;&nbsp; W sobot\u0119 16. maja odb\u0119d\u0105 si\u0119 w naszej parafii g\u0142\u00f3wne obchody <strong>50-lecia DA Redemptor<\/strong>. O godz. 14.00 uroczysta Eucharystia, potem modlitwa uwielbienia i wsp\u00f3lne \u015bwi\u0119towanie w parafialnym ogrodzie.<\/p>\n\n\n\n<p>&nbsp;&nbsp;&nbsp;&nbsp;&nbsp;&nbsp;&nbsp; Ju\u017c dzi\u015b informujemy, \u017ce w sobot\u0119 23 maja planujemy <strong>czuwanie przed Uroczysto\u015bci\u0105 Zes\u0142ania Ducha \u015awi\u0119tego<\/strong>. Rozpocz\u0119cie o 19.30 Adoracj\u0105 Naj\u015bwi\u0119tszego Sakramentu, nast\u0119pnie konferencja, modlitwa uwielbienia, modlitwa wstawiennicza i zako\u0144czenie Eucharysti\u0105 o 23.00. Serdecznie zapraszamy!<\/p>\n\n\n\n<p>&nbsp;&nbsp;&nbsp;&nbsp;&nbsp;&nbsp;&nbsp;&nbsp;&nbsp;&nbsp;&nbsp;&nbsp;&nbsp;&nbsp;&nbsp;&nbsp; <strong>Solenizantom i Jubilatom <\/strong>tego tygodnia sk\u0142adamy najserdeczniejsze \u017cyczenia b\u0142ogos\u0142awie\u0144stwa Bo\u017cego i opieki Matki Bo\u017cej Pocieszenia.<\/p>\n\n\n\n<p class=\"has-text-align-center has-text-color\" style=\"color:#d90a37;font-size:23px\"><strong>OG\u0141OSZENIA V NIEDZIELA WIELKANOCNA 03.05.2025<\/strong><\/p>\n\n\n\n<p>&nbsp;&nbsp;&nbsp;&nbsp;&nbsp;&nbsp;&nbsp; Rozpocz\u0105\u0142 si\u0119 miesi\u0105c maj, a wraz z nim <strong>Nabo\u017ce\u0144stwa Majowe<\/strong>. W naszej parafii odprawiamy je codziennie o godz. 18.00. W tym roku w ramach rozwa\u017ca\u0144 zatrzymujemy si\u0119 nad tekstami o S\u0142udze Bo\u017cym o. Bernardzie \u0141ubie\u0144skim. Ich autorem jest \u015bp. o. Wojciech Zagrodzki, kt\u00f3ry napisa\u0142 te rozwa\u017cania tu\u017c przed \u015bmierci\u0105.<\/p>\n\n\n\n<p>&nbsp;&nbsp;&nbsp;&nbsp;&nbsp;&nbsp;&nbsp; Dzi\u015b <strong>I niedziela miesi\u0105ca<\/strong>. Taca przeznaczona b\u0119dzie na cele inwestycyjne.<\/p>\n\n\n\n<p>&nbsp;&nbsp;&nbsp;&nbsp;&nbsp;&nbsp;&nbsp; W najbli\u017cszym tygodniu w Liturgii: w poniedzia\u0142ek <strong>wspomn. \u015bw. Floriana<\/strong>,&nbsp; w \u015brod\u0119 <strong>\u015bwi\u0119to \u015bw.Aposto\u0142\u00f3w Filipa i&nbsp;Jakuba<\/strong>, w czwartek\u2014o godz. 18.00 nabo\u017ce\u0144stwo powo\u0142aniowe z racji <strong>I czwartku miesi\u0105ca<\/strong>; w pi\u0105tek <strong>uroczysto\u015b\u0107 \u015bw. Stanis\u0142awa\u2014g\u0142\u00f3wnego Patrona Polski<\/strong>. Tego dnia nie obowi\u0105zuje wstrzemi\u0119\u017aliwo\u015b\u0107 od pokarm\u00f3w mi\u0119snych;<\/p>\n\n\n\n<p>&nbsp;&nbsp;&nbsp;&nbsp;&nbsp;&nbsp;&nbsp; Za tydzie\u0144 <strong>w sobot\u0119 i niedziel\u0119 uroczysto\u015b\u0107 I Komunii \u015awi\u0119tej<\/strong>. Z&nbsp;tej racji <strong>Zmiana Tajemnic R\u00f3\u017ca\u0144cowych o godz. 10.00 oraz niedzielna Msza \u015awi\u0119ta parafialna o g. 10:30 b\u0119d\u0105 odprawiane w ko\u015bciele akademickim<\/strong>, gdy\u017c w tym czasie w ko\u015bciele&nbsp; parafialnym odbywa\u0107 si\u0119 b\u0119dzie jedna z komunijnych&nbsp; uroczysto\u015bci.<\/p>\n\n\n\n<p>&nbsp;&nbsp;&nbsp;&nbsp;&nbsp;&nbsp;&nbsp; Z racji przygotowa\u0144 do I Komunii \u015awi\u0119tej ca\u0142odzienna <strong>Adoracja w najbli\u017cszy czwartek odb\u0119dzie si\u0119 w ko\u015bciele akademickim.<\/strong><\/p>\n\n\n\n<p>&nbsp;&nbsp;&nbsp;&nbsp;&nbsp;&nbsp;&nbsp; W przysz\u0142\u0105 niedziel\u0119 10 maja odb\u0119dzie si\u0119 <strong>Festiwal dla \u017bycia i Rodziny<\/strong>. Rozpocz\u0119cie Marszem dla \u017cycia o godz. 13.00 pod Ko\u015bcio\u0142em Garnizonowym w Rynku. Po marszu liczne atrakcje festiwalowe dla ka\u017cdego na Ostrowiu Tumskim przy Katedrze. Szczeg\u00f3\u0142y na plakacie.<\/p>\n\n\n\n<p>&nbsp;&nbsp;&nbsp;&nbsp;&nbsp;&nbsp;&nbsp; Ju\u017c dzi\u015b informujemy, \u017ce w dniu 23 maja planujemy <strong>czuwanie przed Uroczysto\u015bci\u0105 Zes\u0142ania Ducha \u015awi\u0119tego<\/strong>. Wi\u0119cej informacji w najbli\u017cszym czasie.<\/p>\n\n\n\n<p>&nbsp;&nbsp;&nbsp;&nbsp;&nbsp;&nbsp;&nbsp;&nbsp;&nbsp;&nbsp;&nbsp;&nbsp;&nbsp;&nbsp;&nbsp;&nbsp; <strong>Solenizantom i Jubilatom <\/strong>tego tygodnia sk\u0142adamy najserdeczniejsze \u017cyczenia b\u0142ogos\u0142awie\u0144stwa Bo\u017cego i opieki Matki Bo\u017cej Pocieszenia.<\/p>\n\n\n\n<p class=\"has-text-align-center has-text-color\" style=\"color:#d90a37;font-size:23px\"><strong>OG\u0141OSZENIA IV NIEDZIELA WIELKANOCNA 26.04.2026<\/strong><\/p>\n\n\n\n<p>&nbsp;&nbsp;&nbsp;&nbsp;&nbsp;&nbsp;&nbsp;&nbsp;&nbsp;&nbsp;&nbsp;&nbsp;&nbsp;&nbsp; Obchodz\u0105c <strong>Niedziel\u0119 Dobrego Pasterza<\/strong>, rozpoczynamy Tydzie\u0144 <strong>Modlitw o Powo\u0142ania do S\u0142u\u017cby Bo\u017cej w Ko\u015bciele<\/strong>. Ofiary sk\u0142adane przez Was na tac\u0119 przeznaczone s\u0105 na utrzymanie Seminarium Redemptoryst\u00f3w w Krakowie.<\/p>\n\n\n\n<p>&nbsp;&nbsp;&nbsp;&nbsp;&nbsp;&nbsp;&nbsp; Dzi\u015b po Mszach \u015awi\u0119tych, <strong>Skautki Europy rozprowadza\u0107 b\u0119d\u0105 przed ko\u015bcio\u0142em ciasta<\/strong> oraz wykonane przez siebie r\u00f3\u017ca\u0144ce i inne drobiazgi. Doch\u00f3d z kiermaszu przeznaczony b\u0119dzie na organizacj\u0119 letnich oboz\u00f3w.<\/p>\n\n\n\n<p>&nbsp;&nbsp;&nbsp;&nbsp;&nbsp;&nbsp;&nbsp; R\u00f3wnie\u017c dzi\u015b o godz. 17.00 <strong>zapraszamy serdecznie na Koncert Pami\u0119ci Golgoty Wschodu<\/strong>, kt\u00f3ry odb\u0119dzie si\u0119 w naszym ko\u015bciele. Pod kierunkiem Ks. Mitrata Grzegorza Cebulskiego, wyst\u0105pi\u0105 arty\u015bci zwi\u0105zani z zespo\u0142em wokalnym \u201eKatedra G\u0142os\u00f3w\u201d, kt\u00f3rzy specjalizuj\u0105 si\u0119 w wykonywaniu \u015bpiew\u00f3w zwi\u0105zanych z tradycj\u0105 prawos\u0142awn\u0105.<\/p>\n\n\n\n<p class=\"has-text-color\" style=\"color:#d90a37\">&nbsp;&nbsp;&nbsp;&nbsp;&nbsp;&nbsp;&nbsp; W najbli\u017cszym tygodniu w Liturgii: w \u015brod\u0119 \u015bwi\u0119to \u015bw. Katarzyny Siene\u0144skiej, w pi\u0105tek <strong>wsp. \u015bw. J\u00f3zefa, rzemie\u015blnika <\/strong>(Msze \u015awi\u0119te o 8.00 i 18.30); <strong>w sobot\u0119 2 maja Uroczysto\u015b\u0107 NMP Kr\u00f3lowej Polski a zarazem Dzie\u0144 Flagi Rzeczypospolitej. W sobot\u0119, z racji uroczysto\u015bci Msze \u015awi\u0119te w naszym ko\u015bciele o 7.30, 9.00, 10.30 i 18.30 (wieczorna Msza b\u0119dzie z uroczysto\u015bci Kr\u00f3lowej Polski a nie z niedzieli)<\/strong>; <strong>w przysz\u0142\u0105 niedziel\u0119 rocznica uchwalenia Konstytucji 3 Maja. Tego dnia Msze \u015awi\u0119te o godz. 7.30, 9.00, 10.30, 12.00, 13.45 i 18.30.<\/strong><\/p>\n\n\n\n<p>&nbsp;&nbsp;&nbsp;&nbsp;&nbsp;&nbsp;&nbsp; W tym tygodniu przypada tak\u017ce <strong>I pi\u0105tek i I sobota miesi\u0105ca<\/strong>. W pi\u0105tek odwiedzimy chorych od godz. 9.00. Spowied\u017a pierwszopi\u0105tkowa od godz. 17.30. W sobot\u0119 o 10.30 Msza \u015awi\u0119ta w intencji wynagradzaj\u0105cej Niepokalanemu Sercu Maryi a po niej nabo\u017ce\u0144stwo pierwszosobotnie.<\/p>\n\n\n\n<p>&nbsp;&nbsp;&nbsp;&nbsp;&nbsp;&nbsp;&nbsp; Ju\u017c w pi\u0105tek rozpoczyna si\u0119 miesi\u0105c maj a wraz z nim <strong>Nabo\u017ce\u0144stwa Majowe<\/strong>. W naszej parafii odprawia\u0107 je b\u0119dziemy codziennie o godz. 18.00. Serdecznie zapraszamy do wsp\u00f3lnej modlitwy uwielbienia Maryi.<\/p>\n\n\n\n<p>&nbsp;&nbsp;&nbsp;&nbsp;&nbsp;&nbsp;&nbsp; Przysz\u0142a niedziela jest <strong>I niedziel\u0105 miesi\u0105ca<\/strong>. Zmiana Tajemnic R\u00f3\u017ca\u0144cowych przeniesiona zostaje na niedziel\u0119 10 maja. Taca przeznaczona b\u0119dzie na cele inwestycyjne.<\/p>\n\n\n\n<p>&nbsp;&nbsp;&nbsp;&nbsp;&nbsp;&nbsp;&nbsp; W najbli\u017csz\u0105 \u015brod\u0119 dy\u017cur w kancelarii parafialnej od godz. 19.00 pe\u0142ni\u0142 b\u0119dzie <strong>prawnik<\/strong>. Potrzebuj\u0105cych porady, zapraszamy.<\/p>\n\n\n\n<p>&nbsp;&nbsp;&nbsp;&nbsp;&nbsp;&nbsp;&nbsp; <strong>W dniach 11-24 stycznia 2027 r. organizujemy pielgrzymk\u0119 do Wietnamu<\/strong>. Dok\u0142adny program wy\u0142o\u017cony zosta\u0142 przy wyj\u015bciu z ko\u015bcio\u0142a. Koszt uczestnictwa 12990 z\u0142 i 250 dolar\u00f3w. Serdecznie zapraszamy do wsp\u00f3lnego pielgrzymowania!<\/p>\n\n\n\n<p>        <strong>Solenizantom i Jubilatom <\/strong>tego tygodnia sk\u0142adamy najserdeczniejsze \u017cyczenia b\u0142ogos\u0142awie\u0144stwa Bo\u017cego i opieki Matki Bo\u017cej Pocieszenia.<\/p>\n\n\n\n<p class=\"has-text-align-center has-text-color\" style=\"color:#d90a37;font-size:23px\"><strong>OG\u0141OSZENIA III NIEDZIELA WIELKANOCNA 19.04.2026<\/strong><\/p>\n\n\n\n<p>&nbsp;&nbsp;&nbsp;&nbsp;&nbsp;&nbsp;&nbsp;&nbsp;&nbsp;&nbsp;&nbsp;&nbsp;&nbsp;&nbsp; Obchodz\u0105c dzi\u015b <strong>NIEDZIEL\u0118 RODZINY<\/strong><strong> <\/strong>w naszej parafii, <strong>dzi\u0119kujemy Siostrom S\u0142u\u017cebniczkom<\/strong> za jej organizacj\u0119 i przeprowadzenie. Po Eucharystii mo\u017cna wesprze\u0107 ofiar\u0105 dzie\u0142o remontu domu rodzinnego b\u0142. Edmunda Bojanowskiego.<\/p>\n\n\n\n<p>&nbsp;&nbsp;&nbsp;&nbsp;&nbsp;&nbsp;&nbsp; W Liturgii tego tygodnia w czwartek <strong>uroczysto\u015b\u0107 \u015bw. Wojciecha<\/strong> \u2014 g\u0142\u00f3wnego Patrona Polski, za\u015b w sobot\u0119 <strong>\u015bwi\u0119to \u015bw. Marka \u2014 ewangelisty.<\/strong><\/p>\n\n\n\n<p>&nbsp;&nbsp;&nbsp;&nbsp;&nbsp;&nbsp;&nbsp; Siostry S\u0142u\u017cebniczki zapraszaj\u0105 doros\u0142ych i dzieci na&nbsp; wiosenny <strong>\u201eWiecz\u00f3r Edmundowy\u201d<\/strong>. Rozpocznie si\u0119 on w najbli\u017cszy wtorek 21. kwietnia o godz. 18.00. Wi\u0119cej informacji na plakacie w gablocie.<\/p>\n\n\n\n<p class=\"has-text-color\" style=\"color:#1863cd\">&nbsp;&nbsp;&nbsp;&nbsp;&nbsp;&nbsp;&nbsp; W \u015brod\u0119 <strong>22 kwietnia dodatkowa Msza \u015awi\u0119ta z Koronk\u0105 ku czci Bo\u017cego Mi\u0142osierdzia o godz. 15.00<\/strong>. Imiona os\u00f3b, kt\u00f3re chcemy w\u0142\u0105czy\u0107 w zbiorow\u0105 intencj\u0119 tej Eucharystii, mo\u017cna podawa\u0107 w zakrystii. Mszy \u015awi\u0119tej koncelebrowanej przez wszystkich ojc\u00f3w przewodniczy\u0142 b\u0119dzie o. Prowincja\u0142 Dariusz Paszy\u0144ski w asy\u015bcie swojego Wikariusza o. Mariusza Mazurkiewicza.<\/p>\n\n\n\n<p>&nbsp;&nbsp;&nbsp;&nbsp;&nbsp;&nbsp;&nbsp; Grupa M\u0142odych Rodzic\u00f3w Wielka Wyspa zaprasza na spotkanie zatytu\u0142owane <strong>\u201eEmocje naszych dzieci\u201d<\/strong>. Odb\u0119dzie si\u0119 ono w najbli\u017cszy czwartek 23. kwietnia o godz. 17.00 a&nbsp; poprowadzi je Anna \u0141opuch\u2014psycholog, psychoterapeuta.<\/p>\n\n\n\n<p>&nbsp;&nbsp;&nbsp;&nbsp;&nbsp;&nbsp;&nbsp; W przysz\u0142\u0105 niedziel\u0119, kt\u00f3ra jest <strong>Niedziel\u0105 Dobrego Pasterza<\/strong>, modli\u0107 si\u0119 b\u0119dziemy szczeg\u00f3lnie o dar nowych powo\u0142a\u0144 kap\u0142a\u0144skich i zakonnych.&nbsp; Ofiary sk\u0142adane przez Was na tac\u0119 przeznaczone b\u0119d\u0105 na utrzymanie Seminarium Redemptoryst\u00f3w w Krakowie. Po Mszach \u015awi\u0119tych, <strong>Skautki Europy rozprowadza\u0107 b\u0119d\u0105 przed ko\u015bcio\u0142em ciasta<\/strong> oraz wykonane przez siebie r\u00f3\u017ca\u0144ce i inne drobiazgi. Doch\u00f3d z kiermaszu przeznaczony b\u0119dzie na organizacj\u0119 letnich oboz\u00f3w.<\/p>\n\n\n\n<p class=\"has-text-color\" style=\"color:#1863cd\">&nbsp;&nbsp;&nbsp;&nbsp;&nbsp;&nbsp;&nbsp; Tak\u017ce w przysz\u0142\u0105 niedziel\u0119 26 kwietnia o godz. 17.00 <strong>zapraszamy serdecznie na Koncert Pami\u0119ci Golgoty Wschodu<\/strong>, kt\u00f3ry odb\u0119dzie si\u0119 w naszym ko\u015bciele. Pod kierunkiem Ks. Mitrata Grzegorza Cebulskiego, wyst\u0105pi\u0105 arty\u015bci zwi\u0105zani z zespo\u0142em wokalnym \u201eKatedra G\u0142os\u00f3w\u201d, kt\u00f3rzy specjalizuj\u0105 si\u0119 w wykonywaniu \u015bpiew\u00f3w zwi\u0105zanych z tradycj\u0105 prawos\u0142awn\u0105.<\/p>\n\n\n\n<p>&nbsp;&nbsp;&nbsp;&nbsp;&nbsp;&nbsp;&nbsp; <strong>Ciesz\u0105c si\u0119 powstaniem scholi liturgicznej przy naszej parafii, zapraszamy kolejne osoby, kt\u00f3re chcia\u0142yby do niej do\u0142\u0105czy\u0107<\/strong>. Nie jest konieczne&nbsp; do\u015bwiadczenie w ch\u00f3rach czy scholach. Wystarczy dobry g\u0142os. Ka\u017cdy g\u0142os si\u0119 przyda ale intensywnie apelujemy do m\u0119\u017cczyzn, gdy\u017c ich brzmienia szczeg\u00f3lnie nam brakuje.<\/p>\n\n\n\n<p>&nbsp;&nbsp;&nbsp;&nbsp;&nbsp;&nbsp;&nbsp; <strong>W dniach 11-24 stycznia 2027 r. organizujemy pielgrzymk\u0119 do Wietnamu<\/strong>. Dok\u0142adny program wy\u0142o\u017cony zosta\u0142 przy wyj\u015bciu z ko\u015bcio\u0142a. Koszt uczestnictwa 12990 z\u0142 i 250 dolar\u00f3w. Serdecznie zapraszamy do wsp\u00f3lnego pielgrzymowania!<\/p>\n\n\n\n<p><strong>Solenizantom i Jubilatom <\/strong>tego tygodnia sk\u0142adamy najserdeczniejsze \u017cyczenia b\u0142ogos\u0142awie\u0144stwa Bo\u017cego i opieki Matki Bo\u017cej Pocieszenia.<\/p>\n\n\n\n<p class=\"has-text-align-center has-text-color\" style=\"color:#f2105b;font-size:23px\"><strong>OG\u0141OSZENIA NIEDZIELA MI\u0141OSIERDZIA BO\u017bEGO<\/strong><\/p>\n\n\n\n<p>&nbsp;&nbsp;&nbsp;&nbsp;&nbsp;&nbsp;&nbsp; Dzi\u015b <strong>Niedziela Mi\u0142osierdzia Bo\u017cego<\/strong>. W naszej parafii jest to tak\u017ce <strong>Niedziela Hospicyjna<\/strong>. Przed ko\u015bcio\u0142em, swoj\u0105 ofiar\u0105 do puszki mo\u017cna wesprze\u0107 wroc\u0142awskie hospicja. O godz. 10.00 <strong>Zmiana Tajemnic R\u00f3\u017ca\u0144cowych<\/strong>, po kt\u00f3rej zapraszamy Cz\u0142onk\u00f3w R\u00f3\u017c na herbat\u0119 do Sali parafialnej. Informujemy, \u017ce w maju Zmiana Tajemnic R\u00f3\u017ca\u0144cowych b\u0119dzie nie w pierwsz\u0105 niedziel\u0119 miesi\u0105ca, a w drug\u0105, czyli 10. maja.<\/p>\n\n\n\n<p>&nbsp;&nbsp;&nbsp;&nbsp;&nbsp;&nbsp;&nbsp; Przy wychodzeniu z ko\u015bcio\u0142a mo\u017cna sobie wylosowa\u0107 <strong>cytat z Dzienniczka \u015bw. Siostry Faustyny<\/strong>, do czego zach\u0119camy. Przypominamy, \u017ce&nbsp; ka\u017cdego dnia pod zwyk\u0142ymi warunkami mo\u017cna uzyska\u0107 <strong>odpust zupe\u0142ny za odm\u00f3wienie Koronki Ku czci Bo\u017cego Mi\u0142osierdzia<\/strong> wobec Pana Jezusa wystawionego w Naj\u015bwi\u0119tszym Sakramencie lub obecnego w Tabernakulum.<\/p>\n\n\n\n<p>&nbsp;&nbsp;&nbsp;&nbsp;&nbsp;&nbsp;&nbsp; <strong>Ciesz\u0105c si\u0119 powstaniem scholi liturgicznej przy naszej parafii, zapraszamy kolejne osoby, kt\u00f3re chcia\u0142yby do niej do\u0142\u0105czy\u0107<\/strong>. Nie jest konieczne&nbsp; do\u015bwiadczenie w ch\u00f3rach czy scholach. Wystarczy dobry g\u0142os. Ka\u017cdy g\u0142os si\u0119 przyda ale intensywnie apelujemy do m\u0119\u017cczyzn, gdy\u017c ich brzmienia szczeg\u00f3lnie nam brakuje.<\/p>\n\n\n\n<p class=\"has-text-color\" style=\"color:#3e66bc\">&nbsp;&nbsp;&nbsp;&nbsp;&nbsp;&nbsp;&nbsp; Przysz\u0142\u0105 niedziel\u0119 chcemy obchodzi\u0107 jako <strong>NIEDZIEL\u0118 RODZINY <\/strong>w naszej parafii. Wraz z Siostrami S\u0142u\u017cebniczkami chcemy spojrze\u0107 na rzeczywisto\u015b\u0107 Domu i Rodziny w&nbsp; perspektywie \u017cycia i nauczania b\u0142. Edmunda Bojanowskiego. Podczas ka\u017cdej Mszy \u015awi\u0119tej b\u0119dzie odnowienie przyrzecze\u0144 ma\u0142\u017ce\u0144skich oraz b\u0142ogos\u0142awie\u0144stwo Rodzin. Dlatego bardzo prosimy, aby przyj\u015b\u0107 w miar\u0119 mo\u017cliwo\u015bci na Eucharysti\u0119 ca\u0142ymi Rodzinami. Po Eucharystii b\u0119dzie mo\u017cna wesprze\u0107 ofiar\u0105 dzie\u0142o remontu domu rodzinnego b\u0142. Edmunda Bojanowskiego.<\/p>\n\n\n\n<p><strong>&nbsp;&nbsp;&nbsp;&nbsp;&nbsp;&nbsp;&nbsp; Do najbli\u017cszej \u015brody 15. kwietnia przed\u0142u\u017camy czas zapis\u00f3w na kurs przedma\u0142\u017ce\u0144ski. <\/strong>Gdyby by\u0142y tym zainteresowane jakie\u015b pary narzeczonych, prosimy o zg\u0142oszenie si\u0119 do o. Paw\u0142a Zyskowskiego (tel. 519 106 136)<\/p>\n\n\n\n<p>&nbsp;&nbsp;&nbsp;&nbsp;&nbsp;&nbsp;&nbsp; <strong>W dniach 11-24 stycznia 2027 r. organizujemy pielgrzymk\u0119 do Wietnamu<\/strong>. Dok\u0142adny program zaprezentujemy za tydzie\u0144. Koszt uczestnictwa 12.990 z\u0142 i 250 dolar\u00f3w. Serdecznie zapraszamy do wsp\u00f3lnego pielgrzymowania!<\/p>\n\n\n\n<p>&nbsp;&nbsp;&nbsp;&nbsp;&nbsp;&nbsp;&nbsp; <strong>Solenizantom i Jubilatom <\/strong>tego tygodnia sk\u0142adamy najserdeczniejsze \u017cyczenia b\u0142ogos\u0142awie\u0144stwa Bo\u017cego i opieki Matki Bo\u017cej Pocieszenia.&nbsp;&nbsp;<\/p>\n\n\n\n<p><a href=\"http:\/\/www.nmpmp.archidiecezja.wroc.pl\/wp-admin\/edit.php?post_type=page\"><\/a><\/p>\n\n\n\n<p class=\"has-text-align-center has-text-color\" style=\"color:#f2105b;font-size:23px\"><strong>OG\u0141OSZENIA<\/strong> <strong>ZMARTWYCHWSTANIE PA\u0143SKIE<\/strong><\/p>\n\n\n\n<p class=\"has-text-color\" style=\"color:#f2105b\">&nbsp;&nbsp;&nbsp;&nbsp;&nbsp;&nbsp;&nbsp; Dzi\u015b <strong>Uroczysto\u015b\u0107 Zmartwychwstania Pa\u0144skiego. <\/strong>Msze \u015awi\u0119te o <strong>9.00, 10.30, 12.00, 13.45, 18.30. W Poniedzia\u0142ek Wielkanocny <\/strong>Msze \u015awi\u0119te o godz.<strong> 7.30, 9.00, 10.30, 12.00, 13.45, 18.30.<\/strong><\/p>\n\n\n\n<p><strong>&nbsp;&nbsp;&nbsp;&nbsp;&nbsp;&nbsp;&nbsp; Wchodzimy w Oktaw\u0119 Wielkanocy<\/strong>. W zwi\u0105zku z tym zach\u0119camy do radowania si\u0119 ze Zmartwychwstania Pa\u0144skiego r\u00f3wnie\u017c przez udzia\u0142 we Mszy \u015awi\u0119tej i Nabo\u017ce\u0144stwach. Informujemy, \u017ce w najbli\u017cszy pi\u0105tek nie obowi\u0105zuje nas wstrzemi\u0119\u017aliwo\u015b\u0107 od pokarm\u00f3w mi\u0119snych. Przysz\u0142a niedziela jest <strong>Niedziel\u0105 Mi\u0142osierdzia Bo\u017cego<\/strong>. W naszej parafii b\u0119dzie to tak\u017ce <strong>Niedziela Hospicyjna<\/strong>. Przed ko\u015bcio\u0142em b\u0119dzie mo\u017cna wesprze\u0107 wroc\u0142awskie hospicja swoj\u0105 ofiar\u0105 do puszki.<\/p>\n\n\n\n<p>&nbsp;&nbsp;&nbsp;&nbsp;&nbsp;&nbsp;&nbsp; <strong>Wyra\u017camy wdzi\u0119czno\u015b\u0107 wszystkim, kt\u00f3rzy pomogli przygotowa\u0107 \u015awi\u0119ta Wielkanocne w&nbsp;naszej parafii.<\/strong> Za przygotowanie Ciemnicy i Grobu Pa\u0144skiego oraz dekoracji kwiatowych w obu ko\u015bcio\u0142ach dzi\u0119kujemy Siostrom S\u0142u\u017cebniczkom na czele z <strong>S. Lauret\u0105 <\/strong>a tak\u017ce <strong>Pani Barbarze Bakalarczyk<\/strong>, kt\u00f3rej dzi\u0119kujemy r\u00f3wnie\u017c za pos\u0142ug\u0119 w zakrystii. Dzi\u0119kujemy organistom\u2014<strong>Pani Marii Borkowskiej i Panu Paw\u0142owi \u017bydkowi<\/strong>. Szczeg\u00f3lne podzi\u0119kowania kierujemy do <strong>Pani Marzeny Malugi i ca\u0142ej Scholi liturgicznej<\/strong>, kt\u00f3ra przepi\u0119knym \u015bpiewem pomog\u0142a nam g\u0142\u0119biej prze\u017cy\u0107 \u015awi\u0119te Triduum Paschalne. Wdzi\u0119czni jeste\u015bmy <strong>wszystkim, kt\u00f3rzy pe\u0142nili r\u00f3\u017cnorakie pos\u0142ugi liturgiczne <\/strong>i w\u0142\u0105czyli si\u0119 w przebieg Drogi Krzy\u017cowej oraz procesji rezurekcyjnej. Szczeg\u00f3lne podzi\u0119kowania kierujemy wobec wsp\u00f3lnoty <strong>Domowego Ko\u015bcio\u0142a<\/strong>. Dzi\u0119kujemy <strong>Panu Kazimierzowi Wr\u0119biakowi <\/strong>za prace porz\u0105dkowe i wszelk\u0105 inn\u0105 pomoc. Dzi\u0119kujemy r\u00f3wnie\u017c <strong>skautkom <\/strong>za trzymanie warty przy Bo\u017cym Grobie. Sk\u0142adamy serdeczne \u201eB\u00f3g zap\u0142a\u0107!\u201d wszystkim kt\u00f3rzy ofiarowali nam \u015bwi\u0105teczne wiktua\u0142y na klasztorny st\u00f3\u0142.<\/p>\n\n\n\n<p>&nbsp;&nbsp;&nbsp;&nbsp;&nbsp;&nbsp;&nbsp; <strong>Bardzo si\u0119 cieszymy z odnowienia krzy\u017ca w mi\u0119dzywalu Odry i Jego uroczystego po\u015bwi\u0119cenia. <\/strong>Wyrazy&nbsp; wdzi\u0119czno\u015bci kierujemy wobec wszystkich darczy\u0144c\u00f3w, dzi\u0119ki kt\u00f3rym powoli zmierzamy do sfinansowania przedsi\u0119wzi\u0119cia. S\u0142owa szczeg\u00f3lnej wdzi\u0119czno\u015bci kierujemy wobec Pana Profesora Jerzego Ho\u0142y za bezinteresowne wykonanie ekspertyzy. Dzi\u0119kujemy tak\u017ce Panu Januszowi Bu\u0142atowi i wszystkim, kt\u00f3rzy w jakikolwiek spos\u00f3b pomagali. Dzi\u0119kujemy wreszcie P. dr Katarzynie Wantuch za dokonanie renowacji Krzy\u017ca. Tych, kt\u00f3rzy mieszkaj\u0105 lub przechodz\u0105 obok, prosimy serdecznie o troskliwe oko, by krzy\u017c by\u0142 bezpieczny. <\/p>\n\n\n\n<p><strong>Solenizantom i Jubilatom <\/strong>tego tygodnia sk\u0142adamy najserdeczniejsze \u017cyczenia b\u0142ogos\u0142awie\u0144stwa Bo\u017cego i opieki Matki Bo\u017cej Pocieszenia.<\/p>\n","protected":false},"excerpt":{"rendered":"<p>OG\u0141OSZENIA VI NIEDZIELA WIELKANOCNA 10.05.2026 &nbsp;&nbsp;&nbsp;&nbsp;&nbsp;&nbsp;&nbsp; Trwa miesi\u0105c maj a wraz z nim Nabo\u017ce\u0144stwa Majowe. W naszej parafii odprawiamy je codziennie o godz. 18.00. W tym roku w ramach rozwa\u017ca\u0144, zatrzymujemy si\u0119 nad tekstami o S\u0142udze Bo\u017cym o. Bernardzie \u0141ubie\u0144skim. Ich autorem jest \u015bp. o. Wojciech Zagrodzki. Zach\u0119camy do zabrania sobie tekst\u00f3w tych interesuj\u0105cych rozwa\u017ca\u0144. &#8230; <a title=\"Og\u0142oszenia parafialne\" class=\"read-more\" href=\"http:\/\/www.nmpmp.archidiecezja.wroc.pl\/?page_id=4\">Czytaj dalej<span class=\"screen-reader-text\">Og\u0142oszenia parafialne<\/span><\/a><\/p>\n","protected":false},"author":1,"featured_media":0,"parent":0,"menu_order":0,"comment_status":"closed","ping_status":"closed","template":"","meta":[],"_links":{"self":[{"href":"http:\/\/www.nmpmp.archidiecezja.wroc.pl\/index.php?rest_route=\/wp\/v2\/pages\/4"}],"collection":[{"href":"http:\/\/www.nmpmp.archidiecezja.wroc.pl\/index.php?rest_route=\/wp\/v2\/pages"}],"about":[{"href":"http:\/\/www.nmpmp.archidiecezja.wroc.pl\/index.php?rest_route=\/wp\/v2\/types\/page"}],"author":[{"embeddable":true,"href":"http:\/\/www.nmpmp.archidiecezja.wroc.pl\/index.php?rest_route=\/wp\/v2\/users\/1"}],"replies":[{"embeddable":true,"href":"http:\/\/www.nmpmp.archidiecezja.wroc.pl\/index.php?rest_route=%2Fwp%2Fv2%2Fcomments&post=4"}],"version-history":[{"count":401,"href":"http:\/\/www.nmpmp.archidiecezja.wroc.pl\/index.php?rest_route=\/wp\/v2\/pages\/4\/revisions"}],"predecessor-version":[{"id":2274,"href":"http:\/\/www.nmpmp.archidiecezja.wroc.pl\/index.php?rest_route=\/wp\/v2\/pages\/4\/revisions\/2274"}],"wp:attachment":[{"href":"http:\/\/www.nmpmp.archidiecezja.wroc.pl\/index.php?rest_route=%2Fwp%2Fv2%2Fmedia&parent=4"}],"curies":[{"name":"wp","href":"https:\/\/api.w.org\/{rel}","templated":true}]}}